et j(v) = -v**2 - 1900*v - 63067. Determine j(-34).
377
Let u(b) = -45*b - 3375. What is u(-72)?
-135
Let o(c) = c**3 - 19*c**2 - 104*c - 30. Determine o(-12).
-3246
Let r(o) = o**3 - 10*o**2 - 711*o + 8275. Determine r(12).
31
Let l(b) = 13*b**2 + 1086*b - 57989. Calculate l(37).
-10
Let y(c) = -c + 1495. Determine y(40).
1455
Let t(x) = 5*x**3 - 12*x**2 + 169*x - 719. Give t(5).
451
Let v(k) = 30*k**2 + 378*k - 7203. What is v(-23)?
-27
Let i(a) = a**3 + 56*a**2 + 298*a + 2230. What is i(-51)?
37
Let n(m) = -m**2 + 306*m - 11898. Calculate n(262).
-370
Let w(v) = -41*v**3 + 8*v**2 + 214*v + 404. Give w(-2).
336
Let z(i) = i**3 + 433*i**2 + 9604*i - 5090. Calculate z(-24).
-2
Let q(d) = 4321*d + 69129. Calculate q(-16).
-7
Let g(u) = 3*u**3 - 30*u**2 - 46*u - 212. What is g(-8)?
-3300
Let m(x) = x**3 + 382*x**2 + 1206*x - 256013. Give m(-377).
-30
Let p(x) = 4*x**2 + 1316*x + 42176. What is p(-36)?
-16
Let w(m) = -2*m**3 - 37*m**2 + 54*m + 1028. Determine w(-20).
1148
Let i(d) = 810*d**2 + 12152*d. Calculate i(-15).
-30
Let m(y) = -7*y**3 - 462*y**2 - 56*y - 44. Determine m(-66).
3652
Let d(h) = 300*h - 17388. Give d(48).
-2988
Let h(r) = -20*r**2 + 9671*r + 362989. Calculate h(-35).
4
Let k(t) = -370*t**2 - 10731*t + 21. Determine k(-29).
50
Let h(m) = 13*m**2 - 34*m + 26. Give h(3).
41
Let b(y) = y**3 - 92*y**2 - 267*y - 3392. Determine b(95).
-1682
Let t(x) = -1316*x - 463328. What is t(-352)?
-96
Let l(z) = 8*z**3 + 85*z**2 - 1129*z - 11529. Calculate l(-10).
261
Let k(v) = -240888*v - 10117310. Give k(-42).
-14
Let k(t) = -22139*t + 221239. Calculate k(10).
-151
Let o(y) = 9*y**2 + 460*y + 2989. What is o(-8)?
-115
Let l(u) = -218*u**2 - 711*u + 1308. What is l(2)?
-986
Let m(t) = -4*t**3 - 130*t**2 + 269*t + 6786. What is m(-33)?
87
Let s(c) = -1965*c + 13891. Calculate s(7).
136
Let k(x) = -16505*x**2 + 165041*x + 51. Give k(10).
-39
Let r(q) = 1946*q + 33368. Determine r(-17).
286
Let d(o) = -21422*o + 235638. Give d(11).
-4
Let k(t) = -5*t**3 + 24*t**2 + 64*t - 169. What is k(6)?
-1
Let a(i) = 118469*i - 13742404. What is a(116)?
0
Let c(b) = -2552*b - 94433. What is c(-37)?
-9
Let m(v) = -42*v**3 + 10*v**2 + 32*v + 21. Calculate m(-1).
41
Let w(b) = b**3 - 22*b**2 - 212*b + 5297. Calculate w(21).
404
Let u(z) = 33*z**2 + 7614*z + 53362. Give u(-7).
1681
Let c(w) = 54288*w + 108573. Calculate c(-2).
-3
Let x(t) = -4*t**3 + 58*t**2 - 147*t + 7. Determine x(7).
448
Let o(c) = 11*c**3 + 67*c - 187. What is o(3)?
311
Let h(o) = -o**3 + 37*o**2 + 183*o + 174. Determine h(-3).
-15
Let m(b) = 2*b**3 - 80*b**2 + 125*b - 172. Determine m(38).
-1198
Let l(s) = -2552*s + 17847. Give l(8).
-2569
Let f(z) = 111018*z - 3552587. Calculate f(32).
-11
Let y(u) = u**2 - 55*u - 1617. Determine y(-22).
77
Let i(f) = -f**2 - 8472*f - 59253. Determine i(-7).
2
Let m(s) = 18*s + 3030. Determine m(-124).
798
Let p(k) = -4487*k - 421777. Give p(-94).
1
Let b(v) = v**3 - 22*v**2 + 60*v - 846. What is b(19)?
-789
Let n(t) = t**3 - 120*t**2 - 197*t - 5674. Determine n(122).
60
Let y(p) = -38*p - 11389. Give y(-300).
11
Let t(m) = -20236*m - 206. Calculate t(0).
-206
Let y(b) = b**3 - 63*b**2 - 18*b - 3193. Give y(64).
-249
Let w(f) = 673*f - 3425. What is w(4)?
-733
Let z(i) = 55682*i - 723841. Determine z(13).
25
Let x(h) = -5791*h + 57619. Give x(10).
-291
Let o(w) = -w**3 - 4*w**2 - 70*w + 52. What is o(-13)?
2483
Let t(q) = 339*q**3 - 35*q**2 + 6*q + 3. What is t(-1)?
-377
Let w(a) = -1249*a - 53740. What is w(-43)?
-33
Let u(l) = 8916*l - 44573. Determine u(5).
7
Let y(w) = -11168*w - 402043. Calculate y(-36).
5
Let z(v) = -v**3 + 64*v**2 + 1743*v - 29643. What is z(81)?
3
Let r(v) = 1040529*v - 10405294. What is r(10)?
-4
Let t(a) = -a**3 - 51*a**2 - 295*a + 216. What is t(-44)?
-356
Let j(z) = z**3 + 2139*z - 13025. Give j(6).
25
Let k(z) = -10524*z - 484129. Calculate k(-46).
-25
Let k(x) = -2*x**3 + 119*x**2 - 390*x - 242. Give k(56).
-130
Let r(x) = 6641*x - 3666. What is r(0)?
-3666
Let i(x) = x**3 - 33*x**2 + 508*x - 6403. Determine i(23).
-9
Let s(j) = 2*j**3 + 2216*j**2 + 21946*j - 15366. Determine s(-1098).
6
Let j(h) = h**3 - 10*h**2 + 361*h + 11048. Calculate j(-15).
8
Let m(g) = 7*g**2 - 2227*g + 138874. Give m(233).
6
Let p(n) = 184*n - 30345. Give p(174).
1671
Let y(p) = -86*p + 1138. Give y(13).
20
Let g(y) = -y**2 + 469*y + 419683. What is g(-454)?
641
Let k(x) = -5540*x - 59633. Give k(-11).
1307
Let w(v) = v**3 + 4*v**2 - 512*v + 3385. What is w(8)?
57
Let u(a) = 102*a**2 + 7*a - 145. Give u(2).
277
Let c(a) = 61*a**3 + 969*a**2 - 66*a + 718. Determine c(-16).
-18
Let f(v) = -77*v - 13455. Give f(-180).
405
Let r(h) = 9992*h + 149276. Determine r(-15).
-604
Let l(m) = 2*m**3 + 62*m**2 + 487*m + 107. Determine l(-17).
-80
Let n(d) = 1320*d - 40954. What is n(29)?
-2674
Let g(w) = -1356*w - 25220. Give g(-19).
544
Let d(c) = -9511*c + 276. Calculate d(0).
276
Let m(l) = -l**2 + 9374*l + 880416. Give m(-93).
-15
Let v(g) = -158416*g - 63049572. What is v(-398)?
-4
Let s(y) = 248*y - 26003. Give s(105).
37
Let w(v) = v**3 - 12*v**2 - 288*v - 312. Give w(-11).
73
Let b(x) = 3*x**3 + 104*x**2 + 891*x - 228. What is b(-17)?
-58
Let c(v) = 8*v**2 - 238*v + 1331. What is c(8)?
-61
Let c(x) = -420*x**2 + 27722*x - 137. What is c(66)?
-5
Let m(d) = -2068*d**2 + 12420*d - 26. Calculate m(6).
46
Let t(u) = -3*u**3 - 105*u**2 - 8*u - 121. Determine t(-35).
159
Let g(l) = -764*l + 163486. What is g(214)?
-10
Let i(q) = -q**2 + 385*q - 15030. Calculate i(341).
-26
Let s(r) = 3*r**3 - 759*r**2 - 3868*r - 532. Calculate s(258).
-16
Let d(w) = -w**3 - 64*w**2 + 29598*w + 583. Determine d(143).
154
Let z(d) = 476*d + 28820. Calculate z(-61).
-216
Let a(b) = -15925*b - 1735888. Give a(-109).
-63
Let s(z) = 16*z**2 - 154*z + 106. Determine s(1).
-32
Let g(h) = 16*h**2 + 9644*h - 9647. Calculate g(1).
13
Let i(z) = z**3 + 17*z**2 - 3923*z - 73813. What is i(-19)?
2
Let k(t) = -84*t**2 + 988*t + 209. What is k(12)?
-31
Let i(y) = -141544*y - 849267. Give i(-6).
-3
Let t(y) = -3*y**2 + 61*y + 364. Give t(14).
630
Let g(o) = -11902*o - 95348. What is g(-8)?
-132
Let s(j) = -j**3 + 45*j**2 + 644*j - 22882. Give s(20).
-2
Let x(m) = 2*m**2 + 1138*m + 5604. Calculate x(-5).
-36
Let v(m) = -6*m - 434. Determine v(19).
-548
Let o(k) = -264807*k + 3442483. Give o(13).
-8
Let i(q) = -1181*q - 8460. Calculate i(-6).
-1374
Let g(z) = 144*z + 14411. Determine g(-129).
-4165
Let m(g) = -2*g**2 + 73*g + 19051. Calculate m(116).
607
Let v(u) = -2903*u + 493423. Determine v(170).
-87
Let t(g) = 2*g**3 - 127*g**2 + 1519*g + 14431. Calculate t(40).
-9
Let t(h) = -5*h**2 + 330*h - 253. Give t(63).
692
Let z(n) = -13*n**2 + 991*n + 153. Give z(76).
381
Let g(u) = -719*u + 146266. Determine g(203).
309
Let f(m) = -m**3 - 102*m**2 - 1868*m + 11780. Calculate f(-75).
5
Let j(a) = -11*a**3 + 400*a**2 + 693*a - 59. Give j(38).
283
Let l(q) = -425001*q + 1700025. Calculate l(4).
21
Let l(v) = 6*v**3 - 13*v**2 + 2*v - 56. Calculate l(7).
1379
Let q(r) = 356*r - 19020. Give q(54).
204
Let b(t) = -2238*t + 28057. What is b(12)?
1201
Let q(t) = -629*t**2 - 188*t - 6. Give q(0).
-6
Let d(n) = -n**3 - 31*n**2 + 37*n + 2406. Give d(-27).
-1509
Let j(g) = 10*g - 355. Give j(-24).
-595
Let q(o) = 67*o**2 + 372*o - 2768. Give q(7).
3119
Let x(u) = -86*u**3 - 11515*u**2 + 1209*u + 437. What is x(-134)?
35
Let p(s) = s**2 + 164*s - 33542. Calculate p(118).
-266
Let c(x) = 194*x**2 - 13758*x - 826. Give c(71).
310
Let t(s) = s**3 + 51*s**2 - 43*s - 46. Give t(-52).
-514
Let x(k) = 6*k**3 - 129*k**2 + 708*k - 296. What is x(12)?
-8
Let q(w) = -35*w**3 - 750*w**2 + 448*w + 211. Determine q(-22).
35
Let b(s) = -4214*s + 518328. Give b(123).
6
Let m(s) = s**3 - 20*s**2 - 348*s + 7358. Calculate m(19).
385
Let v(x) = 510*x + 235114. What is v(-461)?
4
Let b(w) = 3*w**2 - 117*w + 282. Give b(36).
-42
Let x(b) = b**2 + 678*b - 262129. What is x(275)?
-54
Let b(f) = 2663*f + 23514. Determine b(-9).
-453
Let d(n) = 4*n**2 + 304*n - 1196. Determine d(-80).
84
Let m(w) = -8631*w - 51345. Calculate m(-6).
441
Let h(f) = -21*f**2 - 36*f + 49. What is h(-5)?
-296
Let v(z) = -37*z**2 - 484*z + 105. Give v(-14).
-371
Let p(z) = -z**3 + 26*z**2 + 5608*z - 35. Give p(89).
54
Let p(q) = q**3 - 2279*q**2 + 15931*q